he prime factors of q*((-2)/4)/(-1).
2, 3
What are the prime factors of ((-9)/(-6))/(12/152)?
19
Suppose 5*n + 65 = -5*z, -z - 4*z + 2*n - 30 = 0. Let q = z - -10. Suppose -5*c = q*h - 89, 5*h - 30 = -4*c + 48. What are the prime factors of c?
17
Suppose -5 = -z - 4, -4*h + z + 919 = 0. List the prime factors of h.
2, 5, 23
Let p = 98 - 70. Suppose 0 = -2*c + 3*c - p. List the prime factors of (-1)/((-2)/c*2).
7
Let l(f) = f**2 + 6*f + 8. Suppose -c = -4*c - 18. Let g be 18/8*16/c. What are the prime factors of l(g)?
2
Let p(y) = y**2 + 15*y + 4. Let g be p(-15). Suppose -g*m + 144 = -5*f, m + f = -0*m + 27. What are the prime factors of m?
31
Suppose -3*q - 128 = j - 5*j, -5*j + 25 = 0. Let n = -10 - q. What are the prime factors of n?
2, 13
Let x = 0 - -2. What are the prime factors of (8/(-1))/(x/(-2))?
2
Let l = 5 + -62. Let o = 85 + l. Suppose -5*i = -i - o. List the prime factors of i.
7
Suppose 0 = -2*u + 21 - 5. What are the prime factors of u/3*18/4?
2, 3
Let k = -10 + 30. Suppose 2*x = k + 32. What are the prime factors of x?
2, 13
Let a = 4 + -1. Suppose -3*w - 47 = -4*b, b + w = -0*w + a. What are the prime factors of b?
2
Suppose 3*h + 12 = k, 4*k + 5*h + 12 = 3*k. List the prime factors of (-2 + 3)/(k/9).
3
Let b(y) be the third derivative of -4*y**4/3 + y**2. Let q be b(-1). Suppose 5*x - q = x. What are the prime factors of x?
2
Suppose -20*w = -10*w - 440. What are the prime factors of w?
2, 11
Let f(y) = 145*y - 19. List the prime factors of f(2).
271
What are the prime factors of 121 + 0 + 2 + 4?
127
Suppose -t + 16 = 3*f + 3*t, 5*f - 17 = 3*t. Suppose f*m - 20 = 28. List the prime factors of m.
2, 3
Let d(z) = -z**2 + 6*z + 5. Let i = 3 + 1. Let b(x) = x**2 - 3*x + 1. Let j be b(i). List the prime factors of d(j).
2, 5
Let c be (1 + -1)*2/4. Let v = c - -2. What are the prime factors of v?
2
Suppose 17*f = 21*f - 564. List the prime factors of f.
3, 47
Let i be (0 + -5)*(2 - 19). Suppose -2*v = -7*v + i. What are the prime factors of v?
17
What are the prime factors of (2 + 10)/4 - -92?
5, 19
Suppose 4*a = -3 - 45. What are the prime factors of 4/((-8)/a + 0)?
2, 3
Let k = 56 - 43. List the prime factors of k.
13
List the prime factors of (-388*(3 - 14/4))/2.
97
Let r(x) = -x**2 + 12*x - 7. Let f be r(10). Let z(a) = -a - 1. Let o be z(-6). Let q = f - o. List the prime factors of q.
2
Let r(a) = a**3 - 3*a**2 + 2. Suppose 4*f - 5 = 3. Let c be r(f). List the prime factors of 19 - c/(-3 - -4).
3, 7
Let v = 134 + -84. List the prime factors of v.
2, 5
Let d be (-21)/(-6) + (-3)/(-6). Let s be 50/(-3)*(1 - d). Suppose 0 = -5*q + s - 5. What are the prime factors of q?
3
Let x = 11 + 2. Suppose 3*l + 9 - 3 = y, -4*y - 2 = l. Suppose y = -5*c + 2*h + 55, -4*h - x = 7. What are the prime factors of c?
3
Let m = -2 + 5. Suppose -i + 0 = m. List the prime factors of -1*i/(9/21).
7
Let h = -38 - -82. List the prime factors of h.
2, 11
Let k(h) = h + 1. Let w be k(4). Let a(x) = 7*x**2 + 2*x - 4. Let j(u) = -u**2 - u + 1. Let i(r) = w*j(r) + a(r). List the prime factors of i(2).
3
Let n(u) = -2*u + 9. Let m = 14 - 23. What are the prime factors of n(m)?
3
Suppose 0*l - l + 2 = 0. Let k be 1 + l/4*-2. Suppose k = -n + 2*p + 2, 6*n - 2*n - 3*p = 13. What are the prime factors of n?
2
Let u = 6 + 0. List the prime factors of u.
2, 3
Let k = 849 - 507. List the prime factors of k.
2, 3, 19
Let d(c) = c**2 + 5*c - 3. Let q be d(-6). Suppose 3*s = -2*u + 5*s, q*u - 40 = -5*s. List the prime factors of u.
5
List the prime factors of 6 + -3 + -2 + 20.
3, 7
Suppose 0 + 5 = q. Let z be q/(-20) - 31/4. Let d = 0 - z. List the prime factors of d.
2
Let j be (-3)/(3 + (-2 - 0)). Let w = j - 2. Let r = w - -7. List the prime factors of r.
2
Let d(q) = -38*q + 6. Let w be d(-4). List the prime factors of w/8 + 12/(-16).
19
Let m be 4/6*3 - 31. Let g(v) = 7*v + 5. Let n be g(5). Let q = m + n. What are the prime factors of q?
11
Let t = 3 + -1. Suppose t*i = -0*i + 4*g + 8, 0 = i + 3*g - 29. List the prime factors of i.
2, 7
Suppose -2 = 2*w - 12. Suppose -5*m + 35 = w*n, 4*n = -4*m + m + 24. What are the prime factors of m?
2
Let j be ((-3)/1)/((-6)/4). Let y(f) = -5*f**3 - f**j + 15*f**3 + 2*f**2 - 1. List the prime factors of y(1).
2, 5
List the prime factors of (304/(-24))/((-6)/135).
3, 5, 19
Let u = 147 + -93. What are the prime factors of u?
2, 3
Let h = -7 - -7. Let m(d) = 7*d + 16. Let l(p) = -6*p - 15. Let j(n) = -6*l(n) - 5*m(n). What are the prime factors of j(h)?
2, 5
Let k be ((-24)/(-10))/((-3)/(-50)). Let s = k + -29. List the prime factors of -1 + 2 + s + -2.
2, 5
Let r be 45*(2 - 32/10). List the prime factors of (r + 9)*(-4)/10.
2, 3
Suppose 0 = z + 2*r - 2 - 25, 88 = 4*z - 2*r. List the prime factors of z.
23
Suppose 96 = -0*j + 4*j. Let m = j - 34. Let g(a) = -a**3 - 10*a**2 - a - 6. What are the prime factors of g(m)?
2
Let q(s) = -s + 12. Let m = -7 + 15. Let j be q(m). Suppose 0 = -j*p + 13 + 7. What are the prime factors of p?
5
Let n(f) = 3*f + 1. Let s(b) = b**2 + 7*b + 8. Let t be s(-6). List the prime factors of n(t).
7
Let u(p) = -p**2 + 6*p - 9. Let i be u(6). Suppose 0*a = 2*a - 40. Let q = i + a. What are the prime factors of q?
11
Let n be ((-36)/(-15))/2*50. Suppose 4*y + y = n. List the prime factors of y.
2, 3
Let q be -3 - (-3 - (-21)/3). List the prime factors of (-72)/(-7) - (-2)/q.
2, 5
Let u(n) = n + 3. Let p(f) = 2*f - 9. Let t be p(6). What are the prime factors of u(t)?
2, 3
Let m(j) = 3*j**2 - 2*j + 4. List the prime factors of m(-4).
2, 3, 5
Suppose 107 = 3*a + 8. Suppose g = -3*f - 1 - 36, -f - 49 = 2*g. Let p = g + a. What are the prime factors of p?
11
Suppose -15 = 2*w + 11. Let n = -9 - w. What are the prime factors of n?
2
Let c(m) = -m**3 + 9*m**2 - 13*m - 5. Let z be c(7). Let t(j) = -j**2 - 6*j + 7. Let x be t(-6). Let q = x - z. What are the prime factors of q?
5
Suppose 3*d = 2*q - 29, 0 = q - 0*q + 5*d + 18. Let r = 4 - q. Let z = 15 + r. List the prime factors of z.
2, 3
Suppose 5*d = 208 + 187. Let t = -52 + d. What are the prime factors of t?
3
Let w(k) = 2*k**2 + 12*k + 6. What are the prime factors of w(-9)?
2, 3, 5
Let y(i) = 2*i**2 - 2*i + 7. What are the prime factors of y(-4)?
47
Suppose 0 = -3*m + 8 - 2. Suppose m*b + 1 = 15. Let x = b + -4. List the prime factors of x.
3
Suppose 67 = 3*b + 3*s - 2*s, -4*b = 2*s - 90. List the prime factors of b.
2, 11
Let p = 23 - -8. What are the prime factors of p?
31
Suppose 4*k + 3*a - 24 = 0, 4*k + 10 = 6*k + a. Suppose 0*p - k*p + 21 = 2*r, -4*p = -3*r - 11. List the prime factors of p.
5
Suppose i - 5*y - 9 = 0, 2*y - 5*y = 3. Suppose 0 = -2*d - j + 15 + 2, -i*j - 4 = -4*d. What are the prime factors of d?
2, 3
Let u be (-4)/(-6)*3*1. Suppose -3*i - 7 = -3*f + 14, 0 = 5*f + u*i - 28. List the prime factors of f.
2, 3
Let c = 11 + -7. Let p = -1 + c. What are the prime factors of (-1)/p - 66/(-9)?
7
Let x(y) = y**3 - 13*y**2 + y + 15. Let i be x(13). Let p = -13 + i. What are the prime factors of p?
3, 5
Let u be 4/(-22) - 4/(-22). Suppose -m - m + 118 = u. Suppose 0 = 2*z + 3*z + y - m, -2*z + 19 = 5*y. List the prime factors of z.
2, 3
Suppose p = -p - f + 20, -4*p = f - 36. Let i = -7 + p. Let q(w) = 6*w - 1. List the prime factors of q(i).
5
Let o = 56 - 6. What are the prime factors of o?
2, 5
Suppose k - 2 + 0 = 0. Suppose j + 13 = 4*i, -j = -i - 2*j + k. What are the prime factors of i?
3
Let s(q) = q**2 + 4*q - 2. Let b be (14/3)/((-1)/(-3)). Let j = b + -20. What are the prime factors of s(j)?
2, 5
Suppose -9 = -4*h + 19. What are the prime factors of (2 - 0)/(h/28)?
2
Let o be 2/(219/(-75) - -3). Let z be (-5)/2*20/o. What are the prime factors of 69/(-6)*4/z?
23
Suppose 4*r = 6*r - 10. Suppose -5*q = r*b - 220, 5*b - b + 136 = 4*q. Suppose -5*t + 2*t = -q. List the prime factors of t.
13
Let v be (90/8)/(12/32). Suppose -s + 3*s = v. What are the prime factors of s?
3, 5
Let n(g) = 21*g**2 + 4*g - 3. What are the prime factors of n(-3)?
2, 3, 29
Suppose -29 = -w + 2*k - 7, 2*k = 4*w - 70. Suppose t = 5*t - w. Suppose -t*x + 7 = -3*x. What are the prime factors of x?
7
Let j(b) = 2*b - 10. Let n be j(7). Suppose -n*i - 6 = -i. List the prime factors of 23/4 + i/(-8).
2, 3
Suppose 2*m + 4*l - 62 = 0, -3*m + 2*l + 174 = m. What